/2 + 8*k. Let j(s) = -s**3 + 4*s**2 - 3. Let i be j(3). Determine b(i).
-5
Let z(f) = 5 + 4*f**2 - 3*f**2 + 2*f + 0*f + 4*f. Suppose 2*v = 3*v - 2*h - 1, -4*h = -v + 7. Determine z(v).
0
Let u(o) = -9*o + 7. Let p(h) = -5*h + 4. Let r(t) = -11*p(t) + 6*u(t). Determine r(5).
3
Let y = 4 + -2. Suppose 0 = -2*b - 4*q + 16, 3*b = -3*q + 6*q - 3. Suppose 0*z - b*z - y = 0. Let c(f) = -7*f**2 - f. Calculate c(z).
-6
Let w(a) = -5*a**3 + 6*a**2 + 4*a**3 - 3*a - 3 + 0 + 1. What is w(5)?
8
Let s = -31 - -46. Suppose 0 = -3*n + r - s, 5*n - 4*r = -8*r - 8. Let d(i) = 4 - 3*i + 4*i - 4*i**2 - 2 - i**3. What is d(n)?
-2
Let p be ((-1)/2)/(2/(-16)). Let x(v) be the second derivative of -7/2*v**2 - 7/6*v**3 - 1/20*v**5 + 0 - 1/2*v**p + 2*v. What is x(-5)?
3
Suppose -4 = -2*h + 2. Suppose 0 = h*s + 1 - 7. Let g(o) = -2*o**3 + 4*o**2 - 3*o. Give g(s).
-6
Let k(v) = -v**3 + 5*v**2 - v - 5. Let a(b) = b - 7. Let o be a(7). Suppose o = -3*x + 2*x + 5. Calculate k(x).
-10
Let v(a) be the third derivative of -a**5/40 + a**4/8 - 2*a**3/3 - 2*a**2. Let h(t) be the first derivative of v(t). Calculate h(-4).
15
Suppose -w = -13*w + 36. Let r(l) = -3*l + 4. Determine r(w).
-5
Suppose -3*v - 11 = -2*u, 0*u + 5*u - 44 = 2*v. Let h = -8 + u. Let n(p) = -3*p. Let r(b) = -b. Let m(j) = -3*n(j) + 12*r(j). What is m(h)?
-6
Let f be (-3)/(3 + 0) + 1. Let m(o) = o**2 - o - 4. What is m(f)?
-4
Suppose 2*d - 4 + 0 = 4*z, -d = 3*z - 2. Suppose -4*w + 6*w + 2 = z. Let k(v) = -v**3 - v**2 - 1. What is k(w)?
-1
Suppose -5*s - 5*u = -2*u + 1, 3*s = -2*u - 1. Let z(n) = -7*n**3 + n**2 + 3*n - 3. Let d(q) = q - 1. Let w(f) = 2*d(f) - z(f). Give w(s).
6
Suppose 5*v - 1 = -3*m, m - v + 2*v = 1. Suppose 0 = -3*w + 12, 5*w - 6 = 5*s - 1. Let q be (m - 3)*s*1. Let y(d) = d - 1. Give y(q).
-4
Let g(w) = w**3 - w**2 - w + 6. Suppose -3*v + v + 14 = 0. Suppose k = 4*r - 12, -2*k - 3*r + v = -2. Let s be (k/8)/(-1*2). What is g(s)?
6
Let s(j) = 3 + 0*j + 3*j + 0*j. Let d be -5 + 3 + (-3)/3. Calculate s(d).
-6
Let t(x) = -3 + 3*x + 5 - 2*x. Let s be t(2). Let v(w) = w**3 - 3*w**2 - 3*w + 1. Give v(s).
5
Suppose -y - 3*j + j = -7, 10 = 5*j. Let h(l) = -y*l + 3 - 3 + 4*l. Determine h(-5).
-5
Let m(j) = -j**2 + 3. Suppose 5*k + 42 - 2 = 0. Suppose 4*r - 20 + 0 = 0. Let l = k + r. What is m(l)?
-6
Let o(n) = n**2 - 2*n - 2. Let x be -1*(-1 - (0 + 2)). Suppose -x*f = f - 12. Determine o(f).
1
Let o(a) be the first derivative of 1/2*a**2 - 1 - 2*a. What is o(-4)?
-6
Let g(p) = -2*p + 7. Let r be 18/(-27)*18/(-4). Suppose 3*d - 12 - 20 = -4*u, 4*u - 8 = r*d. What is g(u)?
-3
Let t(k) = -5 - 3*k + 0*k + 2*k. Let f = 10 + -6. Calculate t(f).
-9
Let s(v) = -3*v**2 + 4*v - 5. Let q(g) = -g + 1. Let j(c) = -c**2 + 4*c - 1. Let k be j(4). Let m(n) = k*s(n) - 4*q(n). Determine m(-1).
4
Let s = -5 + 10. Suppose 0 = 4*g + s + 11. Let z(n) = n**3 - 3 + n - n**2 + 6*n**2 - 2. Give z(g).
7
Let o(g) = 2*g + 0*g - 3*g + 1. What is o(-8)?
9
Let t(x) be the second derivative of -x**7/840 + x**6/360 + 7*x**4/24 - x**3/3 - 6*x. Let a(u) be the second derivative of t(u). Determine a(0).
7
Let w(m) = -m**2 - 4*m + 5. Let i be w(-5). Let l(o) = 0*o + o + i - 2*o**2 + o + 2. Determine l(2).
-2
Let l(t) = 2*t - 1. Let o(r) = -3*r + 1. Let c(y) = -8*l(y) - 5*o(y). Give c(-3).
6
Let k be 445/65 + 2/13. Let p = k - 1. Let m(f) = -f - p + 2 - 1. Calculate m(-5).
0
Let s(p) be the first derivative of -p**3/3 - p**2/2 - 2*p - 1. Let b(f) be the first derivative of s(f). Determine b(-4).
7
Let k(z) = -2*z**2 - 5*z + 4. Let i = -31 - -27. Give k(i).
-8
Suppose -4*t = 4*l + 8, -2*l - 10 = -3*t - l. Let m(x) = x**3 + 2*x**2 - 2*x. Calculate m(t).
12
Let m = 1 + -7. Let f = 4 + m. Let g(c) = 0 - 4*c**2 + 2 - 2*c - 2*c**3 + 0. What is g(f)?
6
Let k(v) = -v - 1. Let f(u) = -u - 7. Let o be (16/(-24))/(4/(-6)). Let y(p) = o*f(p) - 6*k(p). Calculate y(-1).
-6
Let y(r) = -3*r + 5. Let x(c) = -c - 3. Let v(t) = t - 2. Let j be v(-6). Let d be x(j). Give y(d).
-10
Let l(k) be the third derivative of k**5/60 + k**4/8 + k**3/6 - 4*k**2 - 7*k. Determine l(-4).
5
Let l be -1*2/(-4)*-10. Let q = l - -7. Let u(a) = -4*a**q + 2 - 4*a**3 + 5*a**3 - 2 + a. Give u(3).
-6
Let r(o) be the first derivative of -o**2 - 5*o - 12. Determine r(-6).
7
Let b be (-38)/(-14) + 4/14. Let q(j) = -3*j + 0*j**3 + 2*j + j**2 + 4*j**b + 0*j**2. Give q(1).
4
Let q(m) be the first derivative of -2*m**3/3 + m**2/2 - 10. Calculate q(2).
-6
Let x(m) = -3*m - 19. Let k be x(-7). Suppose k + 13 = -3*d. Let r(f) = 5*f - 13. Let g(z) = z - 3. Let l(c) = 9*g(c) - 2*r(c). What is l(d)?
4
Let z(x) = 3*x - 2. Suppose 5*o + 15 = 0, 3*o - 6*o - 9 = -q. Suppose q*m - m = -4. Give z(m).
10
Let q(l) = 2*l**2 - l + 1. Suppose -z + 1 = -1. Calculate q(z).
7
Let m(i) = -5*i**2 + 2*i - 7. Let q(t) = 6*t**2 - 2*t + 7. Let u(n) = 7*m(n) + 6*q(n). Determine u(-6).
17
Let d(z) = z - 16. Let h(y) = y**2 + 12*y - 28. Let o be h(-14). Determine d(o).
-16
Let o(x) be the first derivative of x**2/2 + 12*x + 39. What is o(-5)?
7
Let c(m) be the first derivative of m**3/3 + 3*m**2/2 + 38. What is c(-4)?
4
Let t(s) = -6*s**2 + 7*s - 14. Let g(b) = -7*b**2 + 7*b - 16. Let j(n) = -5*g(n) + 6*t(n). Give j(5).
6
Let y(b) = b - 3. Suppose -3*u = -4*u + 10. Let r = u - 7. Give y(r).
0
Let s(i) = -7*i**3 + i**2 - 2*i + 1. Let c be ((-5)/15)/(2/(-6)). Determine s(c).
-7
Let k(s) = -2*s - 7. Let l(f) = -9*f. Let x(q) = -8*q - 1. Let n(v) = 5*l(v) - 6*x(v). Let a(g) = 4*k(g) + 3*n(g). What is a(0)?
-10
Let i = -3 - -7. Suppose 3*f - i = 4*f. Let w(p) be the first derivative of 2*p**3/3 + 5*p**2/2 - 3*p - 1. Calculate w(f).
9
Let d(l) be the second derivative of 0 - 1/2*l**2 + 1/3*l**4 - 2*l + 1/3*l**3. Suppose 0*c = 5*c - 5. What is d(c)?
5
Let t(h) = -h**2 + 4*h + 1. Let u be t(4). Let z(x) be the third derivative of 5*x**2 + 1/6*x**3 + 0*x + 0 - 1/15*x**5 - 1/12*x**4. Give z(u).
-5
Suppose 0 = -2*w - 1 - 3. Let n(v) = 0*v**2 + 0*v**2 - 5*v**2 + 6*v**2. What is n(w)?
4
Let j(r) = 5*r - 153*r**2 + 159*r**2 + r**3 + 4 - 2. What is j(-5)?
2
Let y(k) = -k**2 - 5*k - 4. Let u be ((-8)/12)/((-4)/18). Let r be (u/2)/(9/12). Let l(f) = -2*f**2 + f + 1. Let c be l(r). What is y(c)?
-4
Let o(v) = v**3 - 4*v**2 - 6*v - 1. Let k be o(5). Let x(a) = a**2 + 6*a + 4. Calculate x(k).
4
Let b(f) = -3*f + 10. Let v(z) = 6*z - 21. Let y(g) = -5*b(g) - 2*v(g). Let d be 6 - (1 - 1)/3. Calculate y(d).
10
Let i(a) = -a**3 + 6*a**2 - 4*a + 1. Let w = 28 + -17. Let x = -6 + w. Suppose 0 = x*d - 30 + 5. Determine i(d).
6
Suppose 0*i + 12 = 3*i. Let w(l) = -l**2 + 2. Give w(i).
-14
Let k = -6 + 10. Suppose -2*t - 4*o = -10, 0*t - t - k*o = -11. Let j(x) = 2*x**3 - x**2 - x. Calculate j(t).
-2
Suppose 17*g - 16 = 13*g. Let c be 5/(-2)*8/(-10). Let s(p) = c - p + 2*p - 6. Determine s(g).
0
Let c(q) = -q**2 + q. Let s be c(0). Let p be s + -1 + 1/(-1). Let y(z) = z**3 + 2*z**2 + z + 2. Calculate y(p).
0
Let x(u) = 3 + u**3 - 4 - 3*u + 4*u. Let n(y) = 6*y**3 + 7*y**2 + 13*y + 1. Let f(i) = n(i) - 5*x(i). Determine f(-6).
-6
Let j(x) = -x**2 + x + 2. Let z(n) = -2*n - 3. Let y(t) = -3*j(t) - 2*z(t). Let h be 108/10 - (-1)/5. Let a(v) = v**2. Let c(f) = h*a(f) - 4*y(f). Give c(-3).
3
Suppose 0*v + 10 = -2*v. Let i(a) = a**2 - a + 1. Let d(s) = s**3 + 11*s**2 + 6. Let k(q) = d(q) - 5*i(q). What is k(v)?
1
Let q(i) = i**3 - 4*i**2 + 2*i - 3. Let x be q(4). Suppose 2*r + 19 = -3*s, -5*s - x = -r - r. Let k(v) = -2*v + 5 + 0 + 3*v. Give k(s).
2
Let z be (-5)/(3/(0 - -6)). Let r = -15 - z. Let x(s) = -s**2 - 3*s + 7. Calculate x(r).
-3
Let d(i) = i. Let z = 23 + -23. Determine d(z).
0
Let j(f) = 2*f + 5. Suppose -5*s = 2*p - 58 - 3, -3*s + 39 = 2*p. Let t(h) = -h**3 + 12*h**2 - 12*h + 6. Let x be t(s). Give j(x).
-5
Let b(q) = q. Let j(g) = 10*g**3 - 2*g**2 + 1. Let v be j(-1). Let t = -15 - v. Give b(t).
-4
Let d(s) = -s**3 + 4*s**2 + 7*s - 1. Let c(l) = 2*l**2 + 10*l - 7. Let t be c(-6). Calculate d(t).
9
Let w(k) be the first derivative of k**4/4 - 2*k**3/3 + k - 2. Determine w(1).
0
Let d be 14/(-4)*(-80)/28. Suppose 0 = -u, -w - w + 5*u = -d. Let j(n) = -2*n + 9 + 0*n - 2. What is j(w)?
-3
Let t(j) = 0 - 2*j + 3*j + j - 4. Determine t(7).
10
Let v(u) = 5*u**3 + u**2 + 7*u - 6. Let c(p) = -14*p**3 - 2*p**2 - 20*p + 17. Let t be (-1 + 4)*(-24